v(x)?
0
Let y = 586 + -376. What is the hundreds digit of y?
2
Suppose k + 0*k = 0. Suppose -2*i - 19 + 3 = k. Let j = 13 + i. What is the units digit of j?
5
Let v = 24 - 17. Let c = 59 - v. Suppose -6*n = -2*n - c. What is the units digit of n?
3
Let h(j) be the third derivative of 0 + 0*j - 1/60*j**5 + 13/6*j**3 + 1/3*j**4 + j**2. What is the units digit of h(9)?
4
Suppose -x = 3*x - 20. Suppose 0 = b + b + 4*c + 10, x*c = -2*b - 14. Suppose 5*l = b*l + 2. What is the units digit of l?
1
What is the units digit of -35*1*-4 + (3 - 3)?
0
Let k(s) = -11*s - 8. What is the tens digit of k(-7)?
6
Let a = 0 - -3. Suppose -2*c - a*c = 5. What is the units digit of (2/(-4))/(c/10)?
5
Let i(a) = -a - 5. Let j be i(-8). Suppose 0 = -j*s - 1 + 13. Suppose -2*w + s = -2*c - 4, 3*w = -2*c + 32. What is the units digit of w?
8
Let r(u) = -u. Let g(o) = -2*o + o + 0 - 1. Let c(x) = -g(x) + 2*r(x). What is the units digit of c(-2)?
3
Suppose 0*w = -3*w + 15. Suppose -w*y = -x - 5 - 0, 2*y + 5*x - 2 = 0. What is the units digit of y/2*2*6?
6
Suppose -5*f + 67 = 12. What is the units digit of f?
1
Suppose 0 = 5*l + 70 - 235. What is the units digit of l?
3
Let i(l) = 11*l - 4. What is the units digit of i(25)?
1
Suppose -3*y = 2*x + 2*x - 31, 5*x = -3*y + 41. Let b = 29 - x. What is the tens digit of b?
1
Let x = 6 - -3. What is the units digit of -2*(-5 - x/(-3))?
4
Suppose 3*a + 4*z = 289 - 25, z + 249 = 3*a. What is the units digit of a?
4
Suppose 1 - 7 = -l. Let h = l + 11. What is the units digit of h?
7
Let t(l) = -l**3 + 5*l**2 + 7*l - 1. Let r be 6/(-15) - 32/(-5). What is the units digit of t(r)?
5
Suppose 0 = 3*w - 6*i + 3*i - 33, 5*i + 25 = 3*w. Let d(a) = -1 - w*a + 4 - 2. What is the units digit of d(-1)?
6
Let f(y) = -y**3 - y + 78. What is the units digit of f(0)?
8
Let t be 2*-15*(0 + -2). Suppose -2*k - 2*k = -t. What is the units digit of k?
5
Suppose v - 30 = 3*v. What is the units digit of v/(-4) - 2/(-8)?
4
Suppose 3*s + i - 113 = 0, -s + i + 72 = s. What is the tens digit of s?
3
Let k = 7 - -7. Let z = k - 8. What is the units digit of z?
6
Suppose y - 65 = 6*y. Let l = 75 - 42. Let c = y + l. What is the units digit of c?
0
Suppose 2*y + 0*y + 6 = 0. Let s be ((-2)/(-3))/(y/(-18)). Suppose -s*g - g = -25. What is the units digit of g?
5
Let i be (126/(-4))/7*2. Let l = 16 + i. What is the units digit of l?
7
Suppose -5*x = -3*x - 180. Suppose -5*r = 4*j + 6 - x, 2*j - 2*r = 24. What is the tens digit of j?
1
Suppose u = -4*u + 120. What is the tens digit of u?
2
Suppose 6*k - 164 - 70 = 0. What is the units digit of k?
9
Suppose -5*t + 3*t = 36. Let b = t + 19. What is the units digit of b?
1
Let n(f) = -f**3 - 9*f**2 - 7*f - 1. Suppose 0 = b + 3*h + 17, 25 = 2*b - 4*b - 3*h. Let r be n(b). What is the units digit of 7 - 1/((-3)/r)?
4
What is the units digit of (-5)/(1 - -3*44/(-72))?
6
Suppose -4*n - g + 35 = 0, -4*g + 1 + 11 = 0. Suppose s = n - 0. What is the units digit of s?
8
Suppose -3*j + 28 = n, 25 = -2*j - 3*j. What is the units digit of n?
3
What is the tens digit of 25 - (-2 - 1)/1?
2
Let g(i) = -i**3 + 3*i**2 - i - 1. Let p be g(4). What is the units digit of p/(-14)*(-2)/(-3)?
1
Let l(f) = f**2 + 2. What is the tens digit of l(-4)?
1
Suppose 5*r = 6*d - 4*d + 19, 5 = r. Suppose 0 = -3*g + d, -t + 0*g = 3*g - 20. What is the units digit of t?
7
Let c(h) be the first derivative of 1 - 7/2*h**2 - 1/3*h**3 - 4*h. What is the units digit of c(-6)?
2
Suppose -2*h - 3*h = -5, 2 = 5*l + 2*h. Suppose l*v - 4*v = 4. What is the units digit of (15/10)/(v/(-6))?
9
Let o = -74 - -138. Suppose 11*s = 7*s + o. What is the units digit of s?
6
What is the units digit of (0 + -3 + -1)*-1?
4
Suppose 4*y = 3*y. Suppose 2*a - 16 = -y*a. What is the units digit of a?
8
Suppose -74 = 3*p - 317. What is the tens digit of p?
8
Let t = -5 - 3. Let m = t - -11. What is the units digit of m?
3
Let m = 10 + -7. Suppose -4*z = o + 18, -m*o - 3*z + 2*z + 1 = 0. What is the units digit of o?
2
Let z(p) = -p**3 - 7*p**2 - 4*p + 4. Let r be ((-10)/8)/(1/4). Let w be z(r). Let k = w - -36. What is the tens digit of k?
1
Suppose -40*r + 330 = -37*r. What is the units digit of r?
0
Let x(r) be the third derivative of -r**5/60 + r**4/3 + r**3/2 - r**2. Let v be x(7). Suppose v + 8 = 3*d. What is the units digit of d?
6
Let w(n) = 2*n**2 - 4*n - 5. What is the units digit of w(-7)?
1
Let m = 15 - 6. What is the units digit of m?
9
Let t(k) = -k**3 + 11*k**2 - 11*k + 3. What is the tens digit of t(9)?
6
Suppose 0 = -x - 1 + 6. Let b(t) = -13*t - 7. Let h be b(-4). Suppose -h = x*c - 10*c. What is the units digit of c?
9
Let y = -48 - -75. What is the units digit of y?
7
Let c = 92 + 1. Suppose 5*m - 112 = 3*i, -2*m = 2*m + i - c. What is the tens digit of m?
2
Let o be 1 - (1 - -1) - -9. Let d(p) = 0*p**3 - 13 + p**3 + 0*p + 4 - 5*p - 7*p**2. What is the units digit of d(o)?
5
Suppose 3*i = -2*i + 10. Let r be (3/i)/(2/(-4)). What is the units digit of r*(-1 + -2)*1?
9
Suppose -b - 15 = -6*b. Suppose 4*m + b*h = -24, 2*h = -4*m - 0*m - 24. Let a = 13 + m. What is the units digit of a?
7
Let o(u) = -u**2 + 12*u - 3. Let q be (-1)/5 + (-182)/(-35). What is the units digit of o(q)?
2
Suppose 0 = -3*u + u + 6. Let k be (-1)/((-1)/(63/u)). Suppose k = 3*t - 0*t. What is the units digit of t?
7
Suppose 15 = i + 4*k, -4*i + 4*k + 25 = 5. Let q = 9 - i. What is the units digit of 3/4 - q/(-8)?
1
Let o = -3 + 5. Let x be (o/(-4))/(3/30). What is the units digit of 1/(((-3)/3)/x)?
5
Suppose -v = -5*y - 8 + 2, 2 = 2*y. What is the units digit of v?
1
Suppose -3*j - 36 = j. Suppose x + 5*w - 59 = 0, -5*x + 0*x - 4*w = -211. What is the tens digit of (-3 + 0)/(j/x)?
1
What is the units digit of (-200)/(-6) - (-12)/(-36)?
3
Let t(y) = 14*y - 12. What is the tens digit of t(3)?
3
Suppose -5*c = 5*t - 605, 2*c = 7*c + 3*t - 611. What is the units digit of c?
4
Suppose 12 - 42 = -2*c. Let w = c + -6. What is the units digit of w?
9
Let y(i) = -i + 22. What is the units digit of y(17)?
5
Suppose 2*z = -4*q - 22, q + 0*q + 1 = z. Let r = q - -5. What is the units digit of 0 + r/(1/2)?
2
Let o(w) = w - 6. Let g be o(8). Suppose -g*b + 0*x + 5*x = 7, -4*b + 25 = 3*x. What is the units digit of b?
4
Let y = 1 + 3. Let z be (y/(-3))/((-2)/18). Suppose -z = -6*l + 2*l. What is the units digit of l?
3
Suppose -6*f + 56 = n - 2*f, -9 = 3*f. Suppose -3*h - 4*s = -n, 2*h - s = -3*s + 46. What is the units digit of h?
4
Suppose 0*t + t - 2 = 0. Let f(m) = -m**3 - 2*m + 3. Let g be f(t). What is the units digit of (-3)/g + (-8)/(-3)?
3
Let k = 48 + 29. What is the tens digit of k?
7
Let o(d) = d**2 + 2*d + 7. What is the tens digit of o(-7)?
4
Let u = -4 + 4. Suppose u = z + z - 24. What is the tens digit of z?
1
Let v(n) = 80*n - 21. What is the units digit of v(5)?
9
Let j(c) = c + 1. Let h be j(-3). Let m(z) = -2*z - 1. Let d be m(h). What is the units digit of 1/(-1) - (-6)/d?
1
Let f be 2/5 - (-402)/(-30). Let k = -8 - f. Suppose -14 = -k*p + 1. What is the units digit of p?
3
Suppose 25 = q - 95. Suppose -2*s = 3*s - q. What is the tens digit of s?
2
Let v be (-2)/5 + 27/5. Suppose 3*k - 10 - 2 = 0, 0 = -y - v*k + 22. Suppose y*l - 17 = 1. What is the units digit of l?
9
Suppose -6 - 9 = -5*u. Let v(j) = 5 + 5*j + 3*j**2 + 0*j**2 - 3 - j**u. What is the units digit of v(4)?
6
Let p = 35 + 7. What is the tens digit of p?
4
Suppose 2*t = 3*i - 5*i - 46, -4*i - 82 = 2*t. Let a = 12 + i. What is the units digit of 4*1*(-3)/a?
2
Suppose -7*z + 420 = 5*y - 3*z, -3*y + 3*z = -225. What is the units digit of y?
0
What is the units digit of (-1674)/(-24) - 1*1/(-4)?
0
Suppose 3*j + 2*u - 57 = 6*u, -4*j + 2*u = -66. Suppose 5*i + 26 + 6 = -2*q, 4*i = q - 36. Let x = j + i. What is the units digit of x?
7
Suppose 4*n - 6 = 2, -5*y - 4*n = -213. Let x = -15 + y. What is the units digit of x?
6
Let w(f) = f**3 - 6*f**2 + 7*f - 6. Suppose -p - 15 = -4*p. Let a be w(p). Suppose -3*g - 1 + a = 0. What is the units digit of g?
1
Let s(h) = -h + 10. Let d(l) = 5*l - 51. Suppose -y + q = -5, -5*q + 0*q - 5 = 5*y. Let z(n) = y*d(n) + 11*s(n). What is the units digit of z(-8)?
6
Let a be ((-8)/6)/(6/27). Let i be ((-4)/a)/(4/6). Suppose -2*u - i = -3. What is the units digit of u?
1
Let f be 1 + (-2